r?
True
Is 8986640018 a prime number?
False
Is 9309431 a prime number?
False
Is 31923821 a prime number?
False
Is 6687941137 a prime number?
False
Is 1410095721 composite?
True
Is 1142145083 prime?
True
Is 836582077 prime?
True
Is 1335455021 a composite number?
False
Is 1503851959 composite?
False
Is 66812444443 prime?
True
Is 12138077 a prime number?
False
Is 1990686461 composite?
True
Is 126563461 composite?
True
Is 52131934279 prime?
False
Is 84616331 composite?
False
Is 6481737049 composite?
False
Is 587495915 a composite number?
True
Is 18643500277 composite?
False
Is 24102370387 a composite number?
False
Is 24604740283 prime?
True
Is 14207705089 a composite number?
False
Is 27254013 a prime number?
False
Is 2326435733 a prime number?
False
Is 120977707913 a prime number?
False
Is 227903293487 prime?
True
Is 11361715271 a composite number?
False
Is 59488789 a composite number?
False
Is 3324452749 composite?
False
Is 56419547477 prime?
True
Is 199810529 composite?
False
Is 17625782485 a prime number?
False
Is 80148889987 a composite number?
True
Is 65179469 prime?
False
Is 5941710469 composite?
True
Is 4454367527 a composite number?
False
Is 2518165807 composite?
False
Is 5298139883 a composite number?
True
Is 1224177397 composite?
True
Is 43106199307 prime?
True
Is 947144999 a prime number?
False
Is 14894552971 prime?
False
Is 15821632499 a prime number?
True
Is 28148160707 prime?
True
Is 885379303 prime?
True
Is 809102803 a prime number?
False
Is 13649450419 composite?
True
Is 4908606883 a composite number?
False
Is 4960065521 a composite number?
False
Is 354023869 composite?
False
Is 1627497901 prime?
True
Is 57979450951 a prime number?
False
Is 74281591 a composite number?
True
Is 69287786753 prime?
False
Is 35513883143 prime?
False
Is 1003673029 a composite number?
False
Is 3652845199 a prime number?
False
Is 15203546023 a composite number?
False
Is 1973624119 a composite number?
False
Is 3981561637 composite?
False
Is 124068587113 composite?
False
Is 362993093 composite?
True
Is 3659393 composite?
False
Is 2821572647 a prime number?
True
Is 4780742783 a prime number?
True
Is 340426481 a composite number?
False
Is 48372462659 a prime number?
True
Is 10411719937 prime?
False
Is 647813087 a composite number?
True
Is 42506809067 prime?
False
Is 75585737 prime?
True
Is 17589913667 a composite number?
False
Is 853260173 a composite number?
False
Is 954646669 composite?
True
Is 20175123443 composite?
False
Is 20299027867 prime?
False
Is 2396217823 a composite number?
True
Is 9481375559 prime?
True
Is 4443672599 composite?
False
Is 456518837 a prime number?
True
Is 1395041597 a composite number?
False
Is 2682816821 a prime number?
False
Is 221496274 composite?
True
Is 18964881959 a composite number?
True
Is 860845289 a composite number?
False
Is 27051883147 prime?
False
Is 629677942 a composite number?
True
Is 15981626621 composite?
True
Is 1174808837 a prime number?
True
Is 15879600733 composite?
False
Is 254044477 prime?
True
Is 1404508009 a composite number?
True
Is 32884105667 a composite number?
True
Is 45022855111 composite?
True
Is 48818337749 a composite number?
False
Is 120110985497 prime?
True
Is 1753904281 composite?
True
Is 32512082879 prime?
True
Is 217428743 composite?
True
Is 209964647 composite?
False
Is 11436689333 a prime number?
True
Is 540458729 composite?
True
Is 7101316111 a prime number?
True
Is 1860916763 prime?
False
Is 377276953 a composite number?
False
Is 628648441 prime?
True
Is 685207519 composite?
True
Is 312389689 prime?
True
Is 19947507389 a prime number?
False
Is 59010024107 a composite number?
False
Is 94690618967 a prime number?
False
Is 3828136843 composite?
False
Is 325751785 a composite number?
True
Is 122293040497 a composite number?
False
Is 816805123 composite?
False
Is 71905530787 composite?
True
Is 27100434061 prime?
False
Is 406865551 prime?
False
Is 1629422219 a composite number?
True
Is 31350973463 prime?
True
Is 1572729841 composite?
True
Is 171985907 a prime number?
False
Is 2351416409 prime?
True
Is 17591679817 a composite number?
True
Is 6841522537 a composite number?
False
Is 2944227947 composite?
False
Is 264452207 a composite number?
False
Is 595288817 composite?
False
Is 6081035773 composite?
True
Is 3513142631 a prime number?
False
Is 1148232761 a prime number?
False
Is 5950641913 a composite number?
False
Is 16108096289 a composite number?
False
Is 41800582727 composite?
True
Is 7121430389 composite?
True
Is 5138581183 composite?
False
Is 6724314557 a composite number?
False
Is 95464777 a prime number?
False
Is 12458728855 composite?
True
Is 223045729 prime?
False
Is 5953323011 composite?
True
Is 1275612251 composite?
True
Is 662719027 a prime number?
False
Is 14058512137 a composite number?
False
Is 11128066571 a prime number?
True
Is 1964876297 a composite number?
False
Is 96766847 a composite number?
True
Is 33095592913 a prime number?
True
Is 14491192463 prime?
False
Is 9272371753 a prime number?
False
Is 9088141607 a composite number?
False
Is 92411499457 composite?
False
Is 10938649 a composite number?
False
Is 39456697549 a composite number?
False
Is 67021500481 composite?
True
Is 1940482379 composite?
True
Is 10425283501 a composite number?
True
Is 40174798 prime?
False
Is 60954851 composite?
False
Is 92391517 a prime number?
False
Is 8080222697 a prime number?
True
Is 8572302059 composite?
False
Is 12467758174 composite?
True
Is 2627803913 prime?
False
Is 461372189 a composite number?
True
Is 1198845629 prime?
False
Is 929630881 a composite number?
False
Is 359994961 composite?
True
Is 3309540251 composite?
True
Is 328768877 a composite number?
True
Is 838586573 prime?
False
Is 64861609 a prime number?
True
Is 834442683 a prime number?
False
Is 46392287 a composite number?
True
Is 40600174669 composite?
False
Is 86055792311 a composite number?
True
Is 4193501773 a prime number?
False
Is 5383763657 composite?
True
Is 13977587171 a composite number?
False
Is 40474967237 a composite number?
True
Is 101232272045 prime?
False
Is 21095381 a prime number?
True
Is 1552559897 prime?
False
Is 24017394469 composite?
True
Is 209391643 prime?
False
Is 213361778611 a prime number?
False
Is 100992787771 composite?
False
Is 4412182547 prime?
True
Is 3003773959 prime?
True
Is 163117349 a composite number?
True
Is 27193898939 prime?
True
Is 7691578327 a prime number?
False
Is 7272063457 a composite number?
True
Is 9916196585 prime?
False
Is 113785899353 a prime number?
False
Is 174080279 composite?
False
Is 21036350639 a prime number?
True
Is 707700859 prime?
False
Is 1627720093 a composite number?
False
Is 2237891 a composite number?
True
Is 665662667 a prime number?
False
Is 19276559986 composite?
True
Is 1470791279 a composite number?
True
Is 1882182481 prime?
False
Is 278186431 prime?
True
Is 12711526489 composite?
True
Is 8344030397 a composite number?
True
Is 4793103517 prime?
True
Is 45872891 a prime number?
False
Is 3698604173 a composite number?
True
Is 5050594463 prime?
True
Is 43890011 composite?
True
Is 3658848079 a composite number?
False
Is 9514007111 prime?
False
Is 542085233 a composite number?
False
Is 2827693409 a prime number?
True
Is 10567829911 composite?
False
Is 7713859 prime?
True
Is 42453837145 composite?
True
Is 86381225711 a composite number?
True
Is 495759071 a composite number?
False
Is 283025095919 prime?
False
Is 25587553883 a composite number?
True
Is 17433272681 a composite number?
True
Is 11500532653 composite?
False
Is 18601776253 a prime number?
True
Is 136018050871 a prime number?
False
Is 9768556169 prime?
True
Is 365058730495 a prime number?
False
Is 277208569 a prime number?
False
Is 99568648511 prime?
False
Is 7734157359 prime?
False
Is 2632054009 a composite number?
True
Is 18946106317 composite?
False
Is 494980219 a composite number?
False
Is 70613171 a prime number?
False
Is 145238243 a composite number?
True
Is 13899992857 prime?
False
Is 993370927 composite?
False
Is 2179608313 a prime number?
False
Is 4396825301 prime?
False
Is 1138189279 prime?
True
Is 11866286111 a composite number?
False
Is 70177501493 a composite number?
True
Is 8006945899 a composite number?
True
Is 3643360169 a prime number?
True
Is 25632886861 a composite number?
False
